e hundreds digit of 306640?
6
What is the thousands digit of 467711?
7
What is the hundred thousands digit of 5996862?
9
What is the ten thousands digit of 138695?
3
What is the tens digit of 141041?
4
What is the hundred thousands digit of 706261?
7
What is the units digit of 888133?
3
What is the hundred thousands digit of 5963511?
9
What is the ten millions digit of 10831978?
1
What is the tens digit of 1456?
5
What is the hundreds digit of 7569790?
7
What is the millions digit of 13537172?
3
What is the units digit of 16891085?
5
What is the hundreds digit of 61878?
8
What is the tens digit of 558002?
0
What is the units digit of 531494?
4
What is the tens digit of 528682?
8
What is the units digit of 1032460?
0
What is the hundred thousands digit of 29013744?
0
What is the thousands digit of 17648825?
8
What is the hundreds digit of 361845?
8
What is the tens digit of 1029539?
3
What is the units digit of 582135?
5
What is the millions digit of 1597716?
1
What is the thousands digit of 23830?
3
What is the tens digit of 1030716?
1
What is the thousands digit of 1105110?
5
What is the hundreds digit of 475390?
3
What is the hundreds digit of 9941773?
7
What is the units digit of 129662?
2
What is the hundred thousands digit of 863970?
8
What is the units digit of 863100?
0
What is the tens digit of 9132541?
4
What is the ten thousands digit of 7420400?
2
What is the hundred thousands digit of 6559309?
5
What is the thousands digit of 238368?
8
What is the millions digit of 20150229?
0
What is the thousands digit of 739555?
9
What is the units digit of 168566?
6
What is the thousands digit of 179773?
9
What is the millions digit of 4865311?
4
What is the hundreds digit of 409619?
6
What is the hundreds digit of 1469123?
1
What is the hundreds digit of 1238734?
7
What is the thousands digit of 25487061?
7
What is the tens digit of 447114?
1
What is the hundred thousands digit of 585627?
5
What is the units digit of 34566152?
2
What is the thousands digit of 1237336?
7
What is the hundred thousands digit of 30717057?
7
What is the hundred thousands digit of 1457051?
4
What is the tens digit of 56761?
6
What is the thousands digit of 2963444?
3
What is the thousands digit of 438920?
8
What is the hundreds digit of 460412?
4
What is the units digit of 786622?
2
What is the hundred thousands digit of 1041400?
0
What is the tens digit of 388985?
8
What is the hundred thousands digit of 1608866?
6
What is the units digit of 4817958?
8
What is the hundreds digit of 113484?
4
What is the units digit of 65363?
3
What is the ten thousands digit of 249617?
4
What is the millions digit of 28943416?
8
What is the hundred thousands digit of 326740?
3
What is the millions digit of 6029853?
6
What is the ten thousands digit of 1182264?
8
What is the ten millions digit of 32956930?
3
What is the hundred thousands digit of 743986?
7
What is the thousands digit of 2074050?
4
What is the ten thousands digit of 258126?
5
What is the ten thousands digit of 12049849?
4
What is the hundreds digit of 17359777?
7
What is the hundreds digit of 8574948?
9
What is the thousands digit of 24212692?
2
What is the tens digit of 5278834?
3
What is the hundred thousands digit of 1541848?
5
What is the thousands digit of 10940478?
0
What is the hundred thousands digit of 700266?
7
What is the hundreds digit of 3874607?
6
What is the hundred thousands digit of 3502626?
5
What is the hundred thousands digit of 280716?
2
What is the hundreds digit of 553227?
2
What is the thousands digit of 502716?
2
What is the ten thousands digit of 825383?
2
What is the ten thousands digit of 371474?
7
What is the ten thousands digit of 897966?
9
What is the hundred thousands digit of 410236?
4
What is the millions digit of 28433580?
8
What is the tens digit of 13075029?
2
What is the thousands digit of 151116?
1
What is the units digit of 415551?
1
What is the tens digit of 108154?
5
What is the thousands digit of 3704734?
4
What is the ten thousands digit of 284483?
8
What is the tens digit of 11695023?
2
What is the hundreds digit of 4916444?
4
What is the tens digit of 151962?
6
What is the tens digit of 14497963?
6
What is the ten millions digit of 17286892?
1
What is the hundred thousands digit of 1034861?
0
What is the units digit of 6708348?
8
What is the units digit of 13951?
1
What is the hundred thousands digit of 419637?
4
What is the ten thousands digit of 18532689?
3
What is the hundreds digit of 911235?
2
What is the millions digit of 9884932?
9
What is the thousands digit of 262596?
2
What is the hundreds digit of 137943?
9
What is the hundreds digit of 6503746?
7
What is the ten thousands digit of 5041083?
4
What is the tens digit of 2857430?
3
What is the hundred thousands digit of 9555201?
5
What is the units digit of 2564542?
2
What is the ten millions digit of 37729219?
3
What is the hundred thousands digit of 2898676?
8
What is the hundred thousands digit of 10983442?
9
What is the thousands digit of 94276?
4
What is the thousands digit of 14276370?
6
What is the units digit of 129443?
3
What is the thousands digit of 14869600?
9
What is the units digit of 662713?
3
What is the thousands digit of 820238?
0
What is the ten thousands digit of 1988492?
8
What is the hundred thousands digit of 3359095?
3
What is the tens digit of 344086?
8
What is the tens digit of 3571172?
7
What is the ten thousands digit of 6149670?
4
What is the tens digit of 250877?
7
What is the ten thousands digit of 428225?
2
What is the thousands digit of 37879?
7
What is the thousands digit of 8592045?
2
What is the units digit of 140129?
9
What is the millions digit of 16484897?
6
What is the ten thousands digit of 710231?
1
What is the ten thousands digit of 1399363?
9
What is the hundreds digit of 750024?
0
What is the tens digit of 248683?
8
What is the ten thousands digit of 52738?
5
What is the thousands digit of 150551?
0
What is the tens digit of 6958471?
7
What is the ten thousands digit of 13382204?
8
What is the thousands digit of 3668081?
8
What is the tens digit of 381220?
2
What is the tens digit of 1052348?
4
What is the ten thousands digit of 22560430?
6
What is the hundred thousands digit of 3405069?
4
What is the tens digit of 130164?
6
What is the thousands digit of 1577901?
7
What is the hundred thousands digit of 164950?
1
What is the ten thousands digit of 101822?
0
What is the units digit of 5087893?
3
What is the millions digit of 5079252?
5
What is the units digit of 2680107?
7
What is the units digit of 294023?
3
What is the units digit of 1951402?
2
What is the tens digit of 2455560?
6
What is the hundred thousands digit of 556426?
5
What is the millions digit of 24319393?
4
What is the units digit of 3707508?
8
What is the tens digit of 7225017?
1
What is the hundred thousands digit of 459477?
4
What is the hundreds digit of 862001?
0
What is the hundred thousands digit of 266065?
2
What is the ten thousands digit of 121604?
2
What is the tens digit of 1874199?
9
What is the millions digit of 15945253?
5
What is the units digit of 2728792?
2
What is the thousands digit of 36015?
6
What is the tens digit of 13908656?
5
What is the thousands digit of 1880528?
0
What is the thousands digit of 7370034?
0
What is the hundreds digit of 1181260?
2
What is the tens digit of 131384?
8
What is the ten millions digit of 22294300?
2
What is the hundred thousands digit of 5388266?
3
What is the ten thousands digit of 1333906?
3
What is the hundreds digit of 1686525?
5
What is the millions digit of 3966860?
3
What is the ten thousands digit of 461100?
6
What is the hundreds digit of 280138?
1
What is the thousands digit of 15686417?
6
What is the units digit of 8198653?
3
What is the units digit of 2073364?
4
What is the units digit of 15993826?
6
What is the thousands digit of 377056?
7
What is the hundreds digit of 7097152?
1
What is the units digit of 2662735?
5
What is the thousands digit of 56724?
6
What is the millions digit of 2821683?
2
What is the hundred thousands digit of 1160507?
1
What is the hundred thousands digit of 11152506?
1
What is the tens digit of 10010?
1
What is the ten thousands digit of 244044?
4
What is the thousands digit of 779117?
9
What is the hundre